{"id":6904,"date":"2021-02-09T13:45:26","date_gmt":"2021-02-09T13:45:26","guid":{"rendered":"https:\/\/caminosantiago.msalaskreacion.es\/localidades\/arres\/"},"modified":"2021-07-26T11:34:56","modified_gmt":"2021-07-26T11:34:56","slug":"arres","status":"publish","type":"localidades","link":"https:\/\/caminodesantiagoporaragon.com\/en\/localities\/arres\/","title":{"rendered":"Arr\u00e9s"},"content":{"rendered":"\n<p>Arr\u00e9s is a small, quiet village that preserves its traditional architecture. It has  privileged views of the Berd\u00fan channel and the Pyrenees. The tower of Arr\u00e9s,  declared an Asset of Cultural Interest, is the remains of a Gothic-style castle  fortress dating from the second half of the 15th century, which, together with the tower of Atar\u00e9s, defended the left bank of the river Arag\u00f3n. The tower is built of  ashlar stones and has arrow slits &#8211; holes for shooting with a bow or crossbow &#8211; along its more than ten metres in height. The Arr\u00e9s complex includes the tower  and the parish church of Santa \u00c1gueda, which are joined by the only remaining  stretch of the old wall that surrounded the village.  &#13;\n&#13;\n<\/p>\n\n<p>The rest of the urban area stands out for its curious layout &#8211; doorways that give access to streets &#8211; and for the presence of monumental, and increasingly rare, truncated cone-shaped chimneys. The history of Arr\u00e9s is determined by its Jacobean vocation, as the town is at the foot of the Pilgrim&#8217;s Way to Santiago de Compostela, on the main route of the Via Tolosana, and has a hostel or hospital run by innkeepers and friends of the Pilgrim&#8217;s Way..<\/p>\n","protected":false},"featured_media":6370,"parent":0,"template":"","meta":[],"zona":[41],"class_list":["post-6904","localidades","type-localidades","status-publish","has-post-thumbnail","hentry","zona-aragon-en"],"yoast_head":"<!-- This site is optimized with the Yoast SEO plugin v27.4 - https:\/\/yoast.com\/product\/yoast-seo-wordpress\/ -->\n<title>Arr\u00e9s - Camino de Santiago por Arag\u00f3n | Donde t\u00fa eres la estrella<\/title>\n<meta name=\"robots\" content=\"index, follow, max-snippet:-1, max-image-preview:large, max-video-preview:-1\" \/>\n<link rel=\"canonical\" href=\"https:\/\/caminodesantiagoporaragon.com\/en\/localities\/arres\/\" \/>\n<meta property=\"og:locale\" content=\"en_US\" \/>\n<meta property=\"og:type\" content=\"article\" \/>\n<meta property=\"og:title\" content=\"Arr\u00e9s - Camino de Santiago por Arag\u00f3n | Donde t\u00fa eres la estrella\" \/>\n<meta property=\"og:description\" content=\"Arr\u00e9s is a small, quiet village that preserves its traditional architecture. It has privileged views of the Berd\u00fan channel and the Pyrenees. The tower of Arr\u00e9s, declared an Asset of Cultural Interest, is the remains of a Gothic-style castle fortress dating from the second half of the 15th century, which, together with the tower of [&hellip;]\" \/>\n<meta property=\"og:url\" content=\"https:\/\/caminodesantiagoporaragon.com\/en\/localities\/arres\/\" \/>\n<meta property=\"og:site_name\" content=\"Camino de Santiago por Arag\u00f3n | Donde t\u00fa eres la estrella\" \/>\n<meta property=\"article:publisher\" content=\"https:\/\/www.facebook.com\/caminodesantiagoporaragon\/\" \/>\n<meta property=\"article:modified_time\" content=\"2021-07-26T11:34:56+00:00\" \/>\n<meta property=\"og:image\" content=\"https:\/\/caminodesantiagoporaragon.com\/wp-content\/uploads\/2021\/02\/descarga-9-scaled.jpg\" \/>\n\t<meta property=\"og:image:width\" content=\"2560\" \/>\n\t<meta property=\"og:image:height\" content=\"675\" \/>\n\t<meta property=\"og:image:type\" content=\"image\/jpeg\" \/>\n<meta name=\"twitter:card\" content=\"summary_large_image\" \/>\n<meta name=\"twitter:site\" content=\"@CSantiagoAragon\" \/>\n<meta name=\"twitter:label1\" content=\"Est. reading time\" \/>\n\t<meta name=\"twitter:data1\" content=\"1 minute\" \/>\n<script type=\"application\/ld+json\" class=\"yoast-schema-graph\">{\"@context\":\"https:\\\/\\\/schema.org\",\"@graph\":[{\"@type\":\"WebPage\",\"@id\":\"https:\\\/\\\/caminodesantiagoporaragon.com\\\/en\\\/localities\\\/arres\\\/\",\"url\":\"https:\\\/\\\/caminodesantiagoporaragon.com\\\/en\\\/localities\\\/arres\\\/\",\"name\":\"Arr\u00e9s - Camino de Santiago por Arag\u00f3n | Donde t\u00fa eres la estrella\",\"isPartOf\":{\"@id\":\"https:\\\/\\\/caminodesantiagoporaragon.com\\\/en\\\/#website\"},\"primaryImageOfPage\":{\"@id\":\"https:\\\/\\\/caminodesantiagoporaragon.com\\\/en\\\/localities\\\/arres\\\/#primaryimage\"},\"image\":{\"@id\":\"https:\\\/\\\/caminodesantiagoporaragon.com\\\/en\\\/localities\\\/arres\\\/#primaryimage\"},\"thumbnailUrl\":\"https:\\\/\\\/caminodesantiagoporaragon.com\\\/wp-content\\\/uploads\\\/2021\\\/02\\\/descarga-9-scaled.jpg\",\"datePublished\":\"2021-02-09T13:45:26+00:00\",\"dateModified\":\"2021-07-26T11:34:56+00:00\",\"breadcrumb\":{\"@id\":\"https:\\\/\\\/caminodesantiagoporaragon.com\\\/en\\\/localities\\\/arres\\\/#breadcrumb\"},\"inLanguage\":\"en-US\",\"potentialAction\":[{\"@type\":\"ReadAction\",\"target\":[\"https:\\\/\\\/caminodesantiagoporaragon.com\\\/en\\\/localities\\\/arres\\\/\"]}]},{\"@type\":\"ImageObject\",\"inLanguage\":\"en-US\",\"@id\":\"https:\\\/\\\/caminodesantiagoporaragon.com\\\/en\\\/localities\\\/arres\\\/#primaryimage\",\"url\":\"https:\\\/\\\/caminodesantiagoporaragon.com\\\/wp-content\\\/uploads\\\/2021\\\/02\\\/descarga-9-scaled.jpg\",\"contentUrl\":\"https:\\\/\\\/caminodesantiagoporaragon.com\\\/wp-content\\\/uploads\\\/2021\\\/02\\\/descarga-9-scaled.jpg\",\"width\":2560,\"height\":675,\"caption\":\"Arr\u00e9s\"},{\"@type\":\"BreadcrumbList\",\"@id\":\"https:\\\/\\\/caminodesantiagoporaragon.com\\\/en\\\/localities\\\/arres\\\/#breadcrumb\",\"itemListElement\":[{\"@type\":\"ListItem\",\"position\":1,\"name\":\"Inicio\",\"item\":\"https:\\\/\\\/caminodesantiagoporaragon.com\\\/en\\\/\"},{\"@type\":\"ListItem\",\"position\":2,\"name\":\"Localities\",\"item\":\"https:\\\/\\\/caminodesantiagoporaragon.com\\\/en\\\/localities\\\/\"},{\"@type\":\"ListItem\",\"position\":3,\"name\":\"Arr\u00e9s\"}]},{\"@type\":\"WebSite\",\"@id\":\"https:\\\/\\\/caminodesantiagoporaragon.com\\\/en\\\/#website\",\"url\":\"https:\\\/\\\/caminodesantiagoporaragon.com\\\/en\\\/\",\"name\":\"Camino de Santiago por Arag\u00f3n | Donde t\u00fa eres la estrella\",\"description\":\"El Camino de Santiago por Arag\u00f3n es nuestro legado. Bienvenidos a vivir, a disfrutar y comprender el camino franc\u00e9s por Arag\u00f3n, Patrimonio de la Humanidad.\",\"publisher\":{\"@id\":\"https:\\\/\\\/caminodesantiagoporaragon.com\\\/en\\\/#organization\"},\"potentialAction\":[{\"@type\":\"SearchAction\",\"target\":{\"@type\":\"EntryPoint\",\"urlTemplate\":\"https:\\\/\\\/caminodesantiagoporaragon.com\\\/en\\\/?s={search_term_string}\"},\"query-input\":{\"@type\":\"PropertyValueSpecification\",\"valueRequired\":true,\"valueName\":\"search_term_string\"}}],\"inLanguage\":\"en-US\"},{\"@type\":\"Organization\",\"@id\":\"https:\\\/\\\/caminodesantiagoporaragon.com\\\/en\\\/#organization\",\"name\":\"Turismo de Arag\u00f3n\",\"url\":\"https:\\\/\\\/caminodesantiagoporaragon.com\\\/en\\\/\",\"logo\":{\"@type\":\"ImageObject\",\"inLanguage\":\"en-US\",\"@id\":\"https:\\\/\\\/caminodesantiagoporaragon.com\\\/en\\\/#\\\/schema\\\/logo\\\/image\\\/\",\"url\":\"https:\\\/\\\/caminodesantiagoporaragon.com\\\/wp-content\\\/uploads\\\/2021\\\/07\\\/foro-profesionales-turismo-de-aragon.jpg\",\"contentUrl\":\"https:\\\/\\\/caminodesantiagoporaragon.com\\\/wp-content\\\/uploads\\\/2021\\\/07\\\/foro-profesionales-turismo-de-aragon.jpg\",\"width\":429,\"height\":415,\"caption\":\"Turismo de Arag\u00f3n\"},\"image\":{\"@id\":\"https:\\\/\\\/caminodesantiagoporaragon.com\\\/en\\\/#\\\/schema\\\/logo\\\/image\\\/\"},\"sameAs\":[\"https:\\\/\\\/www.facebook.com\\\/caminodesantiagoporaragon\\\/\",\"https:\\\/\\\/x.com\\\/CSantiagoAragon\",\"https:\\\/\\\/www.instagram.com\\\/caminodesantiagoporaragon\\\/\",\"https:\\\/\\\/www.youtube.com\\\/channel\\\/UCxJoNlG90Gi-WjTm24Jgkag\"]}]}<\/script>\n<!-- \/ Yoast SEO plugin. -->","yoast_head_json":{"title":"Arr\u00e9s - Camino de Santiago por Arag\u00f3n | Donde t\u00fa eres la estrella","robots":{"index":"index","follow":"follow","max-snippet":"max-snippet:-1","max-image-preview":"max-image-preview:large","max-video-preview":"max-video-preview:-1"},"canonical":"https:\/\/caminodesantiagoporaragon.com\/en\/localities\/arres\/","og_locale":"en_US","og_type":"article","og_title":"Arr\u00e9s - Camino de Santiago por Arag\u00f3n | Donde t\u00fa eres la estrella","og_description":"Arr\u00e9s is a small, quiet village that preserves its traditional architecture. It has privileged views of the Berd\u00fan channel and the Pyrenees. The tower of Arr\u00e9s, declared an Asset of Cultural Interest, is the remains of a Gothic-style castle fortress dating from the second half of the 15th century, which, together with the tower of [&hellip;]","og_url":"https:\/\/caminodesantiagoporaragon.com\/en\/localities\/arres\/","og_site_name":"Camino de Santiago por Arag\u00f3n | Donde t\u00fa eres la estrella","article_publisher":"https:\/\/www.facebook.com\/caminodesantiagoporaragon\/","article_modified_time":"2021-07-26T11:34:56+00:00","og_image":[{"width":2560,"height":675,"url":"https:\/\/caminodesantiagoporaragon.com\/wp-content\/uploads\/2021\/02\/descarga-9-scaled.jpg","type":"image\/jpeg"}],"twitter_card":"summary_large_image","twitter_site":"@CSantiagoAragon","twitter_misc":{"Est. reading time":"1 minute"},"schema":{"@context":"https:\/\/schema.org","@graph":[{"@type":"WebPage","@id":"https:\/\/caminodesantiagoporaragon.com\/en\/localities\/arres\/","url":"https:\/\/caminodesantiagoporaragon.com\/en\/localities\/arres\/","name":"Arr\u00e9s - Camino de Santiago por Arag\u00f3n | Donde t\u00fa eres la estrella","isPartOf":{"@id":"https:\/\/caminodesantiagoporaragon.com\/en\/#website"},"primaryImageOfPage":{"@id":"https:\/\/caminodesantiagoporaragon.com\/en\/localities\/arres\/#primaryimage"},"image":{"@id":"https:\/\/caminodesantiagoporaragon.com\/en\/localities\/arres\/#primaryimage"},"thumbnailUrl":"https:\/\/caminodesantiagoporaragon.com\/wp-content\/uploads\/2021\/02\/descarga-9-scaled.jpg","datePublished":"2021-02-09T13:45:26+00:00","dateModified":"2021-07-26T11:34:56+00:00","breadcrumb":{"@id":"https:\/\/caminodesantiagoporaragon.com\/en\/localities\/arres\/#breadcrumb"},"inLanguage":"en-US","potentialAction":[{"@type":"ReadAction","target":["https:\/\/caminodesantiagoporaragon.com\/en\/localities\/arres\/"]}]},{"@type":"ImageObject","inLanguage":"en-US","@id":"https:\/\/caminodesantiagoporaragon.com\/en\/localities\/arres\/#primaryimage","url":"https:\/\/caminodesantiagoporaragon.com\/wp-content\/uploads\/2021\/02\/descarga-9-scaled.jpg","contentUrl":"https:\/\/caminodesantiagoporaragon.com\/wp-content\/uploads\/2021\/02\/descarga-9-scaled.jpg","width":2560,"height":675,"caption":"Arr\u00e9s"},{"@type":"BreadcrumbList","@id":"https:\/\/caminodesantiagoporaragon.com\/en\/localities\/arres\/#breadcrumb","itemListElement":[{"@type":"ListItem","position":1,"name":"Inicio","item":"https:\/\/caminodesantiagoporaragon.com\/en\/"},{"@type":"ListItem","position":2,"name":"Localities","item":"https:\/\/caminodesantiagoporaragon.com\/en\/localities\/"},{"@type":"ListItem","position":3,"name":"Arr\u00e9s"}]},{"@type":"WebSite","@id":"https:\/\/caminodesantiagoporaragon.com\/en\/#website","url":"https:\/\/caminodesantiagoporaragon.com\/en\/","name":"Camino de Santiago por Arag\u00f3n | Donde t\u00fa eres la estrella","description":"El Camino de Santiago por Arag\u00f3n es nuestro legado. Bienvenidos a vivir, a disfrutar y comprender el camino franc\u00e9s por Arag\u00f3n, Patrimonio de la Humanidad.","publisher":{"@id":"https:\/\/caminodesantiagoporaragon.com\/en\/#organization"},"potentialAction":[{"@type":"SearchAction","target":{"@type":"EntryPoint","urlTemplate":"https:\/\/caminodesantiagoporaragon.com\/en\/?s={search_term_string}"},"query-input":{"@type":"PropertyValueSpecification","valueRequired":true,"valueName":"search_term_string"}}],"inLanguage":"en-US"},{"@type":"Organization","@id":"https:\/\/caminodesantiagoporaragon.com\/en\/#organization","name":"Turismo de Arag\u00f3n","url":"https:\/\/caminodesantiagoporaragon.com\/en\/","logo":{"@type":"ImageObject","inLanguage":"en-US","@id":"https:\/\/caminodesantiagoporaragon.com\/en\/#\/schema\/logo\/image\/","url":"https:\/\/caminodesantiagoporaragon.com\/wp-content\/uploads\/2021\/07\/foro-profesionales-turismo-de-aragon.jpg","contentUrl":"https:\/\/caminodesantiagoporaragon.com\/wp-content\/uploads\/2021\/07\/foro-profesionales-turismo-de-aragon.jpg","width":429,"height":415,"caption":"Turismo de Arag\u00f3n"},"image":{"@id":"https:\/\/caminodesantiagoporaragon.com\/en\/#\/schema\/logo\/image\/"},"sameAs":["https:\/\/www.facebook.com\/caminodesantiagoporaragon\/","https:\/\/x.com\/CSantiagoAragon","https:\/\/www.instagram.com\/caminodesantiagoporaragon\/","https:\/\/www.youtube.com\/channel\/UCxJoNlG90Gi-WjTm24Jgkag"]}]}},"_links":{"self":[{"href":"https:\/\/caminodesantiagoporaragon.com\/en\/wp-json\/wp\/v2\/localidades\/6904","targetHints":{"allow":["GET"]}}],"collection":[{"href":"https:\/\/caminodesantiagoporaragon.com\/en\/wp-json\/wp\/v2\/localidades"}],"about":[{"href":"https:\/\/caminodesantiagoporaragon.com\/en\/wp-json\/wp\/v2\/types\/localidades"}],"version-history":[{"count":0,"href":"https:\/\/caminodesantiagoporaragon.com\/en\/wp-json\/wp\/v2\/localidades\/6904\/revisions"}],"wp:featuredmedia":[{"embeddable":true,"href":"https:\/\/caminodesantiagoporaragon.com\/en\/wp-json\/wp\/v2\/media\/6370"}],"wp:attachment":[{"href":"https:\/\/caminodesantiagoporaragon.com\/en\/wp-json\/wp\/v2\/media?parent=6904"}],"wp:term":[{"taxonomy":"zona","embeddable":true,"href":"https:\/\/caminodesantiagoporaragon.com\/en\/wp-json\/wp\/v2\/zona?post=6904"}],"curies":[{"name":"wp","href":"https:\/\/api.w.org\/{rel}","templated":true}]}}

Arrés

<p>Arrés is a small, quiet village that preserves its traditional architecture. It has  privileged views of the Berdún channel and the Pyrenees. The tower of Arrés,  declared an Asset of Cultural Interest, is the remains of a Gothic-style castle  fortress dating from the second half of the 15th century, which, together with the tower of Atarés, defended the left bank of the river Aragón. The tower is built of  ashlar stones and has arrow slits &#8211; holes for shooting with a bow or crossbow &#8211; along its more than ten metres in height. The Arrés complex includes the tower  and the parish church of Santa Águeda, which are joined by the only remaining  stretch of the old wall that surrounded the village.  &#13;
&#13;
</p>

<p>The rest of the urban area stands out for its curious layout &#8211; doorways that give access to streets &#8211; and for the presence of monumental, and increasingly rare, truncated cone-shaped chimneys. The history of Arrés is determined by its Jacobean vocation, as the town is at the foot of the Pilgrim&#8217;s Way to Santiago de Compostela, on the main route of the Via Tolosana, and has a hostel or hospital run by innkeepers and friends of the Pilgrim&#8217;s Way..</p>

<!-- This site is optimized with the Yoast SEO plugin v27.4 - https://yoast.com/product/yoast-seo-wordpress/ -->
<title>Arrés - Camino de Santiago por Aragón | Donde tú eres la estrella</title>
<meta name="robots" content="index, follow, max-snippet:-1, max-image-preview:large, max-video-preview:-1" />
<link rel="canonical" href="https://caminodesantiagoporaragon.com/en/localities/arres/" />
<meta property="og:locale" content="en_US" />
<meta property="og:type" content="article" />
<meta property="og:title" content="Arrés - Camino de Santiago por Aragón | Donde tú eres la estrella" />
<meta property="og:description" content="Arrés is a small, quiet village that preserves its traditional architecture. It has privileged views of the Berdún channel and the Pyrenees. The tower of Arrés, declared an Asset of Cultural Interest, is the remains of a Gothic-style castle fortress dating from the second half of the 15th century, which, together with the tower of [&hellip;]" />
<meta property="og:url" content="https://caminodesantiagoporaragon.com/en/localities/arres/" />
<meta property="og:site_name" content="Camino de Santiago por Aragón | Donde tú eres la estrella" />
<meta property="article:publisher" content="https://www.facebook.com/caminodesantiagoporaragon/" />
<meta property="article:modified_time" content="2021-07-26T11:34:56+00:00" />
<meta property="og:image" content="https://caminodesantiagoporaragon.com/wp-content/uploads/2021/02/descarga-9-scaled.jpg" />
	<meta property="og:image:width" content="2560" />
	<meta property="og:image:height" content="675" />
	<meta property="og:image:type" content="image/jpeg" />
<meta name="twitter:card" content="summary_large_image" />
<meta name="twitter:site" content="@CSantiagoAragon" />
<meta name="twitter:label1" content="Est. reading time" />
	<meta name="twitter:data1" content="1 minute" />
<script type="application/ld+json" class="yoast-schema-graph">{"@context":"https:\/\/schema.org","@graph":[{"@type":"WebPage","@id":"https:\/\/caminodesantiagoporaragon.com\/en\/localities\/arres\/","url":"https:\/\/caminodesantiagoporaragon.com\/en\/localities\/arres\/","name":"Arrés - Camino de Santiago por Aragón | Donde tú eres la estrella","isPartOf":{"@id":"https:\/\/caminodesantiagoporaragon.com\/en\/#website"},"primaryImageOfPage":{"@id":"https:\/\/caminodesantiagoporaragon.com\/en\/localities\/arres\/#primaryimage"},"image":{"@id":"https:\/\/caminodesantiagoporaragon.com\/en\/localities\/arres\/#primaryimage"},"thumbnailUrl":"https:\/\/caminodesantiagoporaragon.com\/wp-content\/uploads\/2021\/02\/descarga-9-scaled.jpg","datePublished":"2021-02-09T13:45:26+00:00","dateModified":"2021-07-26T11:34:56+00:00","breadcrumb":{"@id":"https:\/\/caminodesantiagoporaragon.com\/en\/localities\/arres\/#breadcrumb"},"inLanguage":"en-US","potentialAction":[{"@type":"ReadAction","target":["https:\/\/caminodesantiagoporaragon.com\/en\/localities\/arres\/"]}]},{"@type":"ImageObject","inLanguage":"en-US","@id":"https:\/\/caminodesantiagoporaragon.com\/en\/localities\/arres\/#primaryimage","url":"https:\/\/caminodesantiagoporaragon.com\/wp-content\/uploads\/2021\/02\/descarga-9-scaled.jpg","contentUrl":"https:\/\/caminodesantiagoporaragon.com\/wp-content\/uploads\/2021\/02\/descarga-9-scaled.jpg","width":2560,"height":675,"caption":"Arrés"},{"@type":"BreadcrumbList","@id":"https:\/\/caminodesantiagoporaragon.com\/en\/localities\/arres\/#breadcrumb","itemListElement":[{"@type":"ListItem","position":1,"name":"Inicio","item":"https:\/\/caminodesantiagoporaragon.com\/en\/"},{"@type":"ListItem","position":2,"name":"Localities","item":"https:\/\/caminodesantiagoporaragon.com\/en\/localities\/"},{"@type":"ListItem","position":3,"name":"Arrés"}]},{"@type":"WebSite","@id":"https:\/\/caminodesantiagoporaragon.com\/en\/#website","url":"https:\/\/caminodesantiagoporaragon.com\/en\/","name":"Camino de Santiago por Aragón | Donde tú eres la estrella","description":"El Camino de Santiago por Aragón es nuestro legado. Bienvenidos a vivir, a disfrutar y comprender el camino francés por Aragón, Patrimonio de la Humanidad.","publisher":{"@id":"https:\/\/caminodesantiagoporaragon.com\/en\/#organization"},"potentialAction":[{"@type":"SearchAction","target":{"@type":"EntryPoint","urlTemplate":"https:\/\/caminodesantiagoporaragon.com\/en\/?s={search_term_string}"},"query-input":{"@type":"PropertyValueSpecification","valueRequired":true,"valueName":"search_term_string"}}],"inLanguage":"en-US"},{"@type":"Organization","@id":"https:\/\/caminodesantiagoporaragon.com\/en\/#organization","name":"Turismo de Aragón","url":"https:\/\/caminodesantiagoporaragon.com\/en\/","logo":{"@type":"ImageObject","inLanguage":"en-US","@id":"https:\/\/caminodesantiagoporaragon.com\/en\/#\/schema\/logo\/image\/","url":"https:\/\/caminodesantiagoporaragon.com\/wp-content\/uploads\/2021\/07\/foro-profesionales-turismo-de-aragon.jpg","contentUrl":"https:\/\/caminodesantiagoporaragon.com\/wp-content\/uploads\/2021\/07\/foro-profesionales-turismo-de-aragon.jpg","width":429,"height":415,"caption":"Turismo de Aragón"},"image":{"@id":"https:\/\/caminodesantiagoporaragon.com\/en\/#\/schema\/logo\/image\/"},"sameAs":["https:\/\/www.facebook.com\/caminodesantiagoporaragon\/","https:\/\/x.com\/CSantiagoAragon","https:\/\/www.instagram.com\/caminodesantiagoporaragon\/","https:\/\/www.youtube.com\/channel\/UCxJoNlG90Gi-WjTm24Jgkag"]}]}</script>
<!-- / Yoast SEO plugin. -->

Arrés - Camino de Santiago por Aragón | Donde tú eres la estrella

Arrés is a small, quiet village that preserves its traditional architecture. It has privileged views of the Berdún channel and the Pyrenees. The tower of Arrés, declared an Asset of Cultural Interest, is the remains of a Gothic-style castle fortress dating from the second half of the 15th century, which, together with the tower of [&hellip;]

Camino de Santiago por Aragón | Donde tú eres la estrella

El Camino de Santiago por Aragón es nuestro legado. Bienvenidos a vivir, a disfrutar y comprender el camino francés por Aragón, Patrimonio de la Humanidad.

Turismo de Aragón
